2*b = t. Let f = 2 - b. What is the units digit of f?
2
Suppose 2*x + 56 - 17 = c, -5*c + 3*x = -188. What is the units digit of c?
7
Suppose 0 = -17*r - 10 + 588. What is the units digit of r?
4
Suppose 0*v + 2*v = -42. Let t be (-7)/(v/(-6)) + -128. What is the units digit of (-5)/20 - t/8?
6
Let q be (102/(-4))/((-3)/(-4)). What is the units digit of 3/(-9) + q/(-3)?
1
Let n(h) = -h - 4. Let t be n(-7). Let i be (-1)/t + (-3)/(-9). What is the units digit of i + 3/(-3) + 3?
2
Let z(v) = -v**2 + 5*v + 8. Let p(b) = -b**2 - 9*b + 7. Let d be p(-9). Let g be z(d). What is the units digit of (g/(-2))/((-3)/(-8))?
8
Let u(i) be the third derivative of 4*i**2 + i**3 - 7/24*i**4 + 0*i + 0 + 1/60*i**5. What is the units digit of u(7)?
6
Suppose 63 = 3*i - 5*y, -4*i + 8*y - 3*y = -89. What is the tens digit of i?
2
Let j be ((-2)/(-3))/((-22)/(-99)). Suppose -6*q + 9 = -j*q. What is the units digit of q?
3
Let f = 20 - -20. What is the tens digit of f?
4
Let r = 3 + 0. Let z be 2/r + 203/(-21). What is the units digit of (-61)/z + 10/45?
7
Let y(k) = -3*k + 1. Let n(r) = 2*r + 7. Let l be n(-5). Let i be y(l). Suppose 0 = -m + 2*m - i. What is the units digit of m?
0
Let y = 26 + -17. Suppose 0*l + 59 = 5*o - 3*l, 0 = -3*l - y. What is the units digit of o?
0
Let x be (5/((-15)/6))/1. Suppose 3*p + p - 16 = 0. Let l = p + x. What is the units digit of l?
2
Suppose 5*f = -y - 3*y + 379, -4*y = 4*f - 304. Suppose 2*p + 5*c = 2*c + 50, -5*c = -5*p + f. What is the units digit of p?
9
Let d(h) be the third derivative of h**5/20 + h**4/12 + h**3/6 + 2*h**2. Suppose 2*j = 4*t + 4, -2*t - t + 2 = -4*j. What is the units digit of d(j)?
9
Let g be (-4)/14 - (-61)/(-7). Let z = g - -15. What is the units digit of z/(-9) + (-52)/(-6)?
8
Suppose -4*s - k + 1029 = 0, 3*k = -2*s + 5*k + 522. What is the tens digit of s?
5
Suppose -x - 4 = -51. What is the tens digit of x?
4
Let s be (-12)/8*(-8)/(-3). Let p be s/(-10) + 36/10. What is the units digit of 2/((5 + -3)/p)?
4
Suppose 0 = -0*f + f - 6. Let n be 60/(-9) - f/(-9). What is the units digit of (22/2)/(n/(-12))?
2
Let a(y) = y**3 + 7*y**2 - y - 6. Suppose -5*g + 4*m + 24 = 0, 0 = -3*g + 3*m + 11 + 4. Suppose 0 = c - g*c - 21. What is the units digit of a(c)?
1
Let m(s) = -s**3 + 3*s**2 - 2*s + 3. Let c(r) = 2*r - 6. Let x be c(4). What is the units digit of m(x)?
3
Let i = -90 + 35. What is the tens digit of (i/(-20))/((-1)/(-4))?
1
Let x = 133 - -95. What is the tens digit of x?
2
Suppose 7 = 2*c - 121. What is the units digit of c?
4
Let j(l) = l + 12. Let y be j(-9). Suppose 0 = -y*h + 5*o + 67, 4*o + 10 = 3*h - 58. What is the tens digit of h?
2
Suppose -159 = -3*w - 33. What is the units digit of w?
2
Let w be 1 + (-4 - (-1 - -4)). Let i(p) = 8 - 7*p**2 + 2*p**3 - 10*p - 3*p**3 + 4*p. What is the units digit of i(w)?
8
Suppose 0 = -5*m - 10 + 105. What is the tens digit of m?
1
Let z(d) = d**3 + 2*d**2. Let k be z(-2). What is the units digit of 33/(2 + -1) - k?
3
Let k(g) = 23*g**2 - 2*g - 1. Let h be k(-1). Let s = h - 16. What is the units digit of s?
8
Suppose -6*q + 79 + 125 = 0. What is the tens digit of q?
3
Let o = 157 - -108. What is the tens digit of o?
6
Let h be (1*-9)/(-1) - 0. Suppose j + h = -5*m, -5*j + 15 = -m - 4*m. Let f = j - -3. What is the units digit of f?
4
Suppose -2 = 2*b + 2. Let j be (0 - b) + 1 + 0. What is the units digit of j + -1 - -2*1?
4
Let q = -12 - 9. Let u = -10 - q. What is the units digit of u?
1
Suppose 0 = 2*j + 2*f - 8, -3*j + 3*f + 4 = -2. Suppose 0*m - 31 = -2*n + m, 5*n - j*m = 80. What is the units digit of n?
3
Let s = 80 - 38. What is the tens digit of s?
4
Let o be 0 - (-1 - (2 + 3)). Let c(s) = s**3 - 5*s**2 - 6*s + 1. What is the units digit of c(o)?
1
What is the tens digit of (856/(-12))/((-65)/15 + 4)?
1
Suppose -6*j - 32 = -10*j. What is the units digit of j?
8
Suppose 4*r + 21 = -3*r. What is the tens digit of (39/6 + r)*4?
1
What is the units digit of ((-30)/12)/(1/(-2))?
5
Suppose 0 = 2*s + 2, -5*a = -9*s + 11*s - 1283. What is the hundreds digit of a?
2
Suppose -9 = -2*z - z. Suppose 0 = 3*p + n - 127, -z*p - 5*n + 173 = p. What is the tens digit of p?
4
Let z(t) = -t**3 + 6*t**2 - t - 5. Let x be z(6). Let n = 4 + -11. Let g = n - x. What is the units digit of g?
4
Let x = -53 - -89. What is the tens digit of x?
3
Let g(k) = -k + 5*k**2 + 6 - 5*k**3 + 5*k + 6*k**3. Let t be g(-4). What is the units digit of (44/33)/(4/t)?
2
Let o(t) = -t**3 + 10*t**2 - 2*t - 2. Let w be o(8). Suppose -4*y + 60 = 4*a, 5*a - y - w = y. What is the units digit of a?
0
Let d(u) be the first derivative of u**5/20 + u**4/12 + u**3/6 - u**2/2 - u - 2. Let w(f) be the first derivative of d(f). What is the units digit of w(1)?
2
Let w be (5 + -6)*(-1 + 1). Let n be (w/(-2) + 0)/(-1). Suppose 4*i - 1 - 27 = n. What is the units digit of i?
7
Let r(q) = 2*q**2 + 2*q + 11. Let j be r(-5). Suppose 0 = -4*a + 25 + j. What is the units digit of a?
9
Suppose 0 = -4*i + 36 + 12. What is the tens digit of i?
1
Suppose -255 = -o - 2*o + 3*z, -2*o + 176 = -4*z. Suppose 227 - o = 5*c. What is the units digit of c?
9
Let k = 8 - -2. What is the units digit of ((-8)/k)/(1/(-25))?
0
Suppose -2 + 14 = 4*h. Suppose -h*a - a = -48. What is the units digit of a?
2
Suppose 0*a + 1110 = 5*a. What is the tens digit of (2/6)/(2/a)?
3
Let l = 117 - -66. What is the tens digit of l?
8
Let j = -10 - -89. Suppose 5*m - 4*t - 103 = -t, -4*m - t = -j. What is the tens digit of m?
2
Let t(p) = -2*p + p**2 - 6 + 8*p - 2*p + 4. Let c be t(-5). Suppose c*y - 27 = -0*y. What is the units digit of y?
9
Let k(p) = 2 + p + 0 - 3. Let b be k(2). What is the units digit of (2/4)/(b/10)?
5
Suppose -4*x + 2*x + 94 = 0. What is the tens digit of x?
4
Let l = 6 - -19. What is the tens digit of l?
2
Let s = -29 - -46. Let y = 33 - s. Suppose -y = -3*m - m. What is the units digit of m?
4
Suppose 7*j - 5*j + 3*a - 159 = 0, -3*a = 4*j - 321. What is the tens digit of j?
8
Let g be (-1)/((6/(-10))/3). Let t(i) = 3 - g + 3 + i. What is the units digit of t(1)?
2
Let m = -46 - -47. What is the units digit of m?
1
Suppose 4*t = -0*t + 84. What is the tens digit of t?
2
Suppose 1 - 19 = 5*r + p, -3*r + 2*p = 16. Let s = r + 7. Suppose -3*o + s = -2*o. What is the units digit of o?
3
Let l(i) = -9*i - 6*i**3 + 4*i - 3*i**2 + i - 5. What is the tens digit of l(-2)?
3
Let j(r) = 373*r**2 - r. What is the hundreds digit of j(1)?
3
What is the tens digit of 4/18 + (-4 - (-3275)/45)?
6
What is the units digit of (-6)/18 - (-368)/6?
1
Let a = -6 + 10. Let s(t) = t**3 - 5*t**2 + 4*t + 2. Let k be s(a). Suppose 3*v - 5*x + x - 39 = 0, k*x = -2*v + 12. What is the units digit of v?
9
Let g(j) = -j**3 + 5*j + 3. Let m be g(-3). Let x = -11 + m. Suppose d - 2 - x = -3*v, 4*v = -d + 7. What is the units digit of d?
3
Let q = 0 - -37. What is the units digit of q?
7
Let h(d) = 0 + 1 + d**2 + 0 + 2*d. Let j be h(-3). Suppose -4*p - 5*a + 8 = 0, -j*a + 3 = 19. What is the units digit of p?
7
What is the hundreds digit of 4 + 9/6*1184/12?
1
Suppose 0 = v - h - 44, -v - 5 = -4*h - 43. What is the units digit of v?
6
Suppose 0*u = -5*u. What is the units digit of 22 + 0 - u/2?
2
Suppose -f + 4*f = -12. What is the units digit of f/4 + (2 - 0)?
1
Suppose 11 = -2*t - 13. Let u be ((-2)/(-4))/(1/t). Let a = -3 - u. What is the units digit of a?
3
What is the tens digit of ((-1404)/(-8))/(-9)*-2?
3
Let o(p) = p + 12. Let i be o(-9). Suppose -4*h + 31 = -i*h. What is the units digit of h?
1
Suppose -5*u = 2*n - 160, 116 = 2*u + 2*u + 4*n. Suppose 5*a + a - 12 = 0. Suppose -5*h + i + u = 4*i, a*i = 6. What is the units digit of h?
5
Let c(n) = -n + 4. What is the units digit of c(3)?
1
What is the tens digit of (-370)/20*(2 - 4)?
3
Suppose 9*p - 28 = 5*p. Let g = p - 2. Suppose -g*j + 69 = -11. What is the tens digit of j?
1
Let r(s) = -22*s + 8. What is the tens digit of r(-13)?
9
Suppose -x + 5 = -87. What is the tens digit of x?
9
Let a = 4 - 0. Suppose a*b + 11 = -41. Let z = 18 + b. What is the units digit of z?
5
Suppose -2*w - 3*y - 10 + 66 = 0, 0 = 2*w - 5*y - 40. What is the tens digit of w?
2
Suppose -5*r + 0 + 1 = 3*m, 5*m + r = -13. Let g be 0 + (0/1)/m. Suppose -2*c = -g*c - 22. What is the units digit of c?
1
What is the uni